{"id":120,"date":"2023-05-20T20:38:26","date_gmt":"2023-05-20T18:38:26","guid":{"rendered":"https:\/\/avril-equilibre.com\/?page_id=120"},"modified":"2023-05-20T21:58:01","modified_gmt":"2023-05-20T19:58:01","slug":"qui-suis-je","status":"publish","type":"page","link":"https:\/\/avril-equilibre.com\/?page_id=120","title":{"rendered":"Qui suis-je"},"content":{"rendered":"\n<p>Bonjour,<br>je m&rsquo; appelle Alonzo R\u00e9gis, j&rsquo; ai commenc\u00e9 \u00e0 avoir des r\u00eaves pr\u00e9monitoires lors de ma premi\u00e8re ann\u00e9e de 5eme, ce qui m&rsquo; a fait m&rsquo; int\u00e9resser \u00e0 l&rsquo; \u00e9sot\u00e9risme assez t\u00f4t. <\/p>\n\n\n\n<p>Je pratique la cartomancie depuis mes 17 ans.<\/p>\n\n\n\n<p>Je pratique le Tarot de Marseille, l&rsquo;Oracle Indigo mais j&rsquo; ai une nette pr\u00e9f\u00e9rence pour l&rsquo; Oracle de la Tryade. <\/p>\n\n\n\n<p>Pour le d\u00e9veloppement personnel j&rsquo; utilise l&rsquo;Osho Zen Tarot, juste les cartes, la philosophie de son cr\u00e9ateur ne m&rsquo; int\u00e9resse pas.<\/p>\n\n\n\n<p>Les animaux totems sont r\u00e9v\u00e9l\u00e9s gr\u00e2ce aux Cartes M\u00e9decines.<\/p>\n\n\n\n<p>Concernant le Re\u00efki Ess\u00e9nien j&rsquo; ai effectu\u00e9 une formation de trois ans. Je suis Ma\u00eetre Re\u00efki Ess\u00e9nien depuis le 11 Novembre 2018. <\/p>\n\n\n\n<p>Je barre\/coupe le feu \u00e0 titre b\u00e9n\u00e9vole \u00e9galement.<\/p>\n\n\n\n<div class=\"wp-block-columns alignwide is-layout-flex wp-container-core-columns-is-layout-1 wp-block-columns-is-layout-flex\">\n<div class=\"wp-block-column is-layout-flow wp-block-column-is-layout-flow\">\n<div class=\"wp-block-buttons is-layout-flex wp-block-buttons-is-layout-flex\">\n<div class=\"wp-block-button has-custom-width wp-block-button__width-100\"><a class=\"wp-block-button__link wp-element-button\" href=\"https:\/\/avril-equilibre.com\/?page_id=83\">Reiki Ess\u00e9nien &#8211; Magn\u00e9tisme<\/a><\/div>\n<\/div>\n<\/div>\n\n\n\n<div class=\"wp-block-column is-layout-flow wp-block-column-is-layout-flow\">\n<div class=\"wp-block-buttons is-layout-flex wp-block-buttons-is-layout-flex\">\n<div class=\"wp-block-button has-custom-width wp-block-button__width-100\"><a class=\"wp-block-button__link wp-element-button\" href=\"https:\/\/avril-equilibre.com\/?page_id=115\">Voyance<\/a><\/div>\n<\/div>\n<\/div>\n\n\n\n<div class=\"wp-block-column is-layout-flow wp-block-column-is-layout-flow\">\n<div class=\"wp-block-buttons is-layout-flex wp-block-buttons-is-layout-flex\">\n<div class=\"wp-block-button has-custom-width wp-block-button__width-100\"><a class=\"wp-block-button__link wp-element-button\" href=\"https:\/\/avril-equilibre.com\/\">Accueil<\/a><\/div>\n<\/div>\n<\/div>\n<\/div>\n\n\n\n<div class=\"wp-block-columns alignwide is-layout-flex wp-container-core-columns-is-layout-2 wp-block-columns-is-layout-flex\">\n<div class=\"wp-block-column is-layout-flow wp-block-column-is-layout-flow\">\n<div class=\"wp-block-buttons is-layout-flex wp-block-buttons-is-layout-flex\">\n<div class=\"wp-block-button has-custom-width wp-block-button__width-100\"><a class=\"wp-block-button__link wp-element-button\" href=\"https:\/\/avril-equilibre.com\/?page_id=133\">Tarifs<\/a><\/div>\n<\/div>\n<\/div>\n\n\n\n<div class=\"wp-block-column is-layout-flow wp-block-column-is-layout-flow\">\n<div class=\"wp-block-buttons is-layout-flex wp-block-buttons-is-layout-flex\">\n<div class=\"wp-block-button has-custom-width wp-block-button__width-100\"><a class=\"wp-block-button__link wp-element-button\" href=\"https:\/\/avril-equilibre.com\/?page_id=126\">Coordonn\u00e9es<\/a><\/div>\n<\/div>\n<\/div>\n\n\n\n<div class=\"wp-block-column is-layout-flow wp-block-column-is-layout-flow\">\n<div class=\"wp-block-buttons is-layout-flex wp-block-buttons-is-layout-flex\">\n<div class=\"wp-block-button has-custom-width wp-block-button__width-100\"><a class=\"wp-block-button__link wp-element-button\" href=\"https:\/\/avril-equilibre.com\/?page_id=8\">Login<\/a><\/div>\n<\/div>\n<\/div>\n<\/div>\n\n\n\n<p><\/p>\n","protected":false},"excerpt":{"rendered":"<p>Bonjour,je m&rsquo; appelle Alonzo R\u00e9gis, j&rsquo; ai commenc\u00e9 \u00e0 avoir des r\u00eaves pr\u00e9monitoires lors de ma premi\u00e8re ann\u00e9e de 5eme, ce qui m&rsquo; a fait m&rsquo; int\u00e9resser \u00e0 l&rsquo; \u00e9sot\u00e9risme assez t\u00f4t. Je pratique la cartomancie depuis mes 17 ans. Je pratique le Tarot de Marseille, l&rsquo;Oracle Indigo mais j&rsquo; ai une nette pr\u00e9f\u00e9rence pour [&hellip;]<\/p>\n","protected":false},"author":1,"featured_media":0,"parent":0,"menu_order":4,"comment_status":"closed","ping_status":"closed","template":"","meta":{"om_disable_all_campaigns":false,"_monsterinsights_skip_tracking":false,"_monsterinsights_sitenote_active":false,"_monsterinsights_sitenote_note":"","_monsterinsights_sitenote_category":0,"_themeisle_gutenberg_block_has_review":false,"footnotes":""},"class_list":["post-120","page","type-page","status-publish","hentry"],"aioseo_notices":[],"_links":{"self":[{"href":"https:\/\/avril-equilibre.com\/index.php?rest_route=\/wp\/v2\/pages\/120","targetHints":{"allow":["GET"]}}],"collection":[{"href":"https:\/\/avril-equilibre.com\/index.php?rest_route=\/wp\/v2\/pages"}],"about":[{"href":"https:\/\/avril-equilibre.com\/index.php?rest_route=\/wp\/v2\/types\/page"}],"author":[{"embeddable":true,"href":"https:\/\/avril-equilibre.com\/index.php?rest_route=\/wp\/v2\/users\/1"}],"replies":[{"embeddable":true,"href":"https:\/\/avril-equilibre.com\/index.php?rest_route=%2Fwp%2Fv2%2Fcomments&post=120"}],"version-history":[{"count":3,"href":"https:\/\/avril-equilibre.com\/index.php?rest_route=\/wp\/v2\/pages\/120\/revisions"}],"predecessor-version":[{"id":139,"href":"https:\/\/avril-equilibre.com\/index.php?rest_route=\/wp\/v2\/pages\/120\/revisions\/139"}],"wp:attachment":[{"href":"https:\/\/avril-equilibre.com\/index.php?rest_route=%2Fwp%2Fv2%2Fmedia&parent=120"}],"curies":[{"name":"wp","href":"https:\/\/api.w.org\/{rel}","templated":true}]}}